
Let d = 24 - 21. Let v(z) = 6*z**2 - 3*z**2 - 4 + 2*z - z**3 - 2*z. Give v(d).
-4
Let h(t) be the third derivative of t**4/12 - 23*t**2. Determine h(-3).
-6
Let m(b) = -2*b - 11. Let j(k) = 3*k + 13. Let l(x) = -5*j(x) - 6*m(x). Give l(2).
-5
Let m(u) = -u**2 - 4*u - 3. Let x be m(-3). Let a(v) = -v + 7 - 7 + x. Suppose 15 = 5*t - j, -3*t = -t + 3*j + 11. Calculate a(t).
-2
Let r(d) = 0*d - 5*d**3 - 1 + 8*d - 10*d + 4*d**3 + 3*d**2. Suppose p = 3*j + 3*p + 4, 5*p + 21 = -2*j. Determine r(j).
-1
Suppose 3*p = 6, -2*l + 3*p - 7 = -25. Let b be (-35)/14*l/(-10). Let z(x) = -x**b + x**2 - x - x**3 - 1 - x**2. What is z(-1)?
2
Let m(s) = 5*s**2 + s**3 - 2*s**2 - 2*s**2 - 7 + 9. Give m(0).
2
Let y be (0 - 5)*(2 + -3). Let n(f) = -f + 1. Let g(c) = -4*c. Let k(r) = g(r) - 5*n(r). Calculate k(y).
0
Let q(o) = 3*o**3 + o**2 + o + 1. Let y = 34 - 22. Suppose 5*u = m + 24 - 3, 4*u - y = 0. Let z = -7 - m. Determine q(z).
-2
Let q(p) be the second derivative of p**4/12 - 2*p**3 - 3*p**2 + 3*p. Give q(12).
-6
Let f(c) = -6 - 2 - 10*c + 3 + 4. Let m(x) be the first derivative of x**3/3 + 3*x**2/2 + x - 2. Let n be m(-2). Determine f(n).
9
Let a be (-1)/((-4)/(-5) - 1). Let u = a - 10. Let z(n) = n**2 + 6*n + 1. Determine z(u).
-4
Let y = 55 + -35. Let v = -15 + y. Let q(t) = t**3 - 5*t**2 + 7. Give q(v).
7
Let q(u) = -u**2 + u. Let z(t) = 3*t**2 - 10*t - 2. Let f(o) = -4*q(o) - z(o). Let n(l) be the first derivative of f(l). Let m be 18/(-4)*16/12. Calculate n(m).
-6
Let p(u) = u. Let z be -3 + 2 + 0/1. Let l(w) = -8*w**2 + w - 3*w**2 + 2*w**2 - 4*w - 1. Let a(k) = z*l(k) - 5*p(k). Calculate a(1).
8
Let h(v) = -12*v**2 - 1. Let l be 3/27*3*-3. Let j be l + 4 + (-5 - -3). What is h(j)?
-13
Let i(g) = -g**2 + 2 + 2*g - 6*g - 2*g. Let o = -3 + 6. Suppose -o*z + 1 = -q + 5, -q + 5*z = -10. Determine i(q).
7
Let h(t) be the first derivative of t**2 + t + 2. Let b be h(-3). Let f(w) = w + 7. Calculate f(b).
2
Let k(n) = 6*n - 12*n + 0*n**2 - 3 + 2*n + 2*n**2. Give k(4).
13
Let d(w) = w**2 - 9*w + 1. Let n(c) = c**3 + 6*c**2 + 7*c + 3. Let j be n(-3). Calculate d(j).
1
Let n(a) be the first derivative of 0*a**2 + 0*a + 2 + 1/24*a**4 + 1/3*a**3 - 1/120*a**5 - 1/360*a**6. Let s(o) be the third derivative of n(o). Give s(2).
-5
Let j(u) = -u - 3*u**3 - 6*u**2 - 6 - u**3 + 3*u**3 - 2. Calculate j(-6).
-2
Let v(t) = -2*t**2 + t + 2. Let g(y) = -y**2 + 1. Let r(h) = 9*g(h) - 4*v(h). Suppose 1 - 2 = -o. Let u be o*(-2 - -11)/(-3). Give r(u).
4
Let v = -3 - -5. Let g(k) = -2*k**3 + 2*k**3 - v*k**3. Suppose -2*y = -3*a + 5, -y + 2*a - 5 = -2. Calculate g(y).
2
Let f be 4/2 - (16 - 7). Let a be 3*(-1 - 0) - f. Let m(z) = z**3 - 4*z**2 + 5. What is m(a)?
5
Let i(j) = -9*j + 5. Let l(z) = -3*z - 3 + 3*z + 7*z - 2*z. Let q(a) = -6*i(a) - 11*l(a). What is q(3)?
0
Let c be 4/6 + 32/6. Suppose c = 3*i - 6. Let z(y) = -2 + 4*y**2 - i*y + 3*y + 2*y - 3*y**2. What is z(-3)?
4
Suppose 5*f + 1 + 7 = t, -t - 4*f = 10. Let y(s) = -s**2 + 3*s. Let z(g) = g. Let b(o) = 2*y(o) - 7*z(o). Calculate b(t).
-6
Let w(b) = b**2 - 2. Let d be 2/(-3) - (-1)/(-9)*-6. Calculate w(d).
-2
Let f(x) be the third derivative of x**4/24 + 2*x**3/3 - 8*x**2. Let g be f(-5). Let y(r) = 8*r**2 + r. Determine y(g).
7
Let v(l) = l + 12. Let n(d) = -1. Let x(j) = -8. Let w(a) = -4*n(a) + x(a). Let r(k) = 2*v(k) + 7*w(k). Give r(4).
4
Let i(j) = 4*j**3 + 2*j**2 + 4*j - 3. Let q(t) = 11*t**3 + 7*t**2 + 11*t - 9. Let p(m) = 8*i(m) - 3*q(m). Give p(-5).
8
Let j(y) = -6*y**3 - 4*y**2 - 4*y + 1. Let c(g) = -11*g**3 - 7*g**2 - 7*g + 1. Let q(i) = 3*c(i) - 5*j(i). What is q(-2)?
20
Suppose 5*y = 5*q + 35, 3*q - 8*q + 3*y - 37 = 0. Let g(d) = d**2 + 8*d + 3. Determine g(q).
3
Let h(s) = 3*s**3 - s**2. Let f be 2/(-4)*(3 + -1). Determine h(f).
-4
Suppose -4*w + 12 = -0. Let x(i) be the first derivative of i**4/4 - 4*i**3/3 + 2*i**2 - 3*i + 3. Calculate x(w).
0
Let i(u) = -3*u + 6. Suppose 44 = -f + 5*f. Suppose 0 = 3*g - d - f, -5*d - 2 - 3 = -5*g. Calculate i(g).
-9
Let i be 1/((8/10)/4). Suppose 2*t = -8 + 2. Let a(z) = -z**3 + z**2 - z. Let k(b) = -4*b**3 + 7*b**2 + 2*b - 6. Let u(m) = t*a(m) + k(m). Determine u(i).
-6
Let x(w) be the second derivative of -w**4/6 - w**3/3 - w**2 + 14*w. Determine x(-2).
-6
Suppose -8*s - 9 = s. Let f(t) = 9*t**2 - t. Give f(s).
10
Let x(m) = 79*m**2 + 6 - 70*m**2 - 5 - 9*m - m**3. Calculate x(8).
-7
Let b(i) be the third derivative of i**6/120 - i**5/30 - i**4/8 + 2*i**3/3 - 9*i**2. What is b(3)?
4
Let h be 1/4 + 6/8. Let a(v) be the second derivative of -v**4/3 - v**3/6 - 13*v. What is a(h)?
-5
Suppose o + 6 = m - 0, -3*o - 3*m - 12 = 0. Let j(n) = 6*n**2 + n**3 + 632 + 0*n**3 - 633 + 4*n. Determine j(o).
4
Let g(w) be the second derivative of w**5/20 + w**4/2 + 5*w**3/6 - 7*w. Calculate g(-4).
12
Let v = -17 - -25. Let a(d) = d**2 + 2*d + v - d - 10. Give a(-3).
4
Let q(y) = 2*y - 16. Let m be q(11). Let u(x) = -m - x**2 - 3*x + 5*x - x. Determine u(0).
-6
Let j(q) = 4*q**2 - 43*q - 9. Let f be j(11). Let s(g) = -4*g**2 + g - 2. What is s(f)?
-16
Let u(d) = 5*d - 1. Let o be u(-1). Let a = o - -12. Let c(n) = 6*n - a*n - n**3 - 2. Determine c(-2).
6
Suppose -v - 15 = 4*p, -3*v - 15 = 2*p - 0*p. Let y(x) = -2*x**3 + 3*x**2 + x. Let b(r) = -r**3 + r. Let a(u) = -3*b(u) + y(u). Give a(v).
6
Let z(a) = a**3 + 4*a**2 - 1. Suppose -38 = 2*u - 2*b, b = 2*u + 3*u + 95. Let t = 16 + u. Calculate z(t).
8
Let x(i) = 7*i - 5. Let g(r) = -6*r + 4. Let n(a) = 4*g(a) + 3*x(a). Let h be -25 - -24 - 0/(-3 - -1). Calculate n(h).
4
Let b(r) = r - 10. Let f(s) = -s + 19. Suppose 3*p - d - 2*d = -24, -3*d = 9. Let j(u) = p*b(u) - 6*f(u). Give j(-3).
11
Let k(g) = 8*g**3 + g. Let v(p) = -p**3 - 3*p**2 + 2*p + 1. Let h be v(-2). Let b(r) = r**3 + 7*r**2 - 1. Let n be b(h). Determine k(n).
-9
Let q(h) be the first derivative of -h**3/3 + 2*h**2 + 4*h + 3. Give q(5).
-1
Let s(p) = 7*p**2 + 2*p - p**3 + 2 - 5*p - 3*p**2. Let z be s(2). Let m(k) = -k + 1. Let w(b) = b - 1. Let i(u) = -6*m(u) - 4*w(u). What is i(z)?
6
Let v(g) = g**3 - 5*g**2 - 3*g - 6. Suppose -1 = -s - 0*s. Let p(y) = -y**2 - 1. Let t(m) = s*v(m) - p(m). Give t(5).
5
Let g(k) = -3 + 0 - 3*k + 4. Suppose 0*s - 5 = -s + i, 0 = 4*s + 2*i - 8. Give g(s).
-8
Let j(w) = -w**2 - 2*w**2 - 4 + 268*w - 270*w - w**3. Suppose -2*n = -4*q - 1 + 7, 4*q + 3*n - 11 = 0. Suppose 7*y + 15 = q*y. What is j(y)?
2
Let i(h) = -h**2 + h - 1. Let q(a) = -a**3 + 6. Let r(f) = 6*i(f) + q(f). Let b be r(-7). Let d(j) = -j + 4. Let x be d(b). Let m(z) = 3*z + 2. What is m(x)?
-7
Let f(q) = q - 1. Let c(w) = -2*w - 2. Let i(m) = -c(m) - f(m). Give i(-6).
-3
Let k(c) = -5*c**3 - 6*c**2 + 3*c - 1. Let a(v) = v**3 + v**2 - v. Let b(f) = -4*a(f) - k(f). Calculate b(-2).
-1
Let r(a) be the first derivative of 1/3*a**3 - 3 - 2*a**2 + a. What is r(5)?
6
Let b(u) = u**3 - 6*u**2 - 2*u + 9. Let s be b(6). Let i(o) = -o**3 - 7*o**2 - 3*o - 1. Let d be i(s). Let t be 8/d + 12/(-7). Let l(k) = -2*k. Determine l(t).
4
Let n(f) = -f**3 + f**2 - f. Let x = -5 - -5. Let q = x + 2. Suppose 0 = q*i + i. Calculate n(i).
0
Let y(f) be the third derivative of f**9/60480 + f**8/3360 + f**7/1008 - f**6/360 - f**5/10 + 4*f**2. Let v(u) be the third derivative of y(u). Determine v(-5).
-2
Suppose 3*l + 4*i - 21 = 0, 6*l + 2*i = 5*l + 9. Let u(t) = 3*t - 3 + 0 - 2 + l. Give u(2).
4
Let w(z) be the second derivative of -z**3/6 - z**2/2 - 8*z. Calculate w(7).
-8
Let i be -1*1*-2*-1. Let v be -5 - (i - (1 + -5)). Let r = -4 - v. Let a(t) = -t**3 + 4*t**2 - 3*t - 4. What is a(r)?
-4
Let p(q) = 9*q + 4*q - 4 - 12*q. Give p(7).
3
Let h(a) = a**2 + 4*a + 1. Let o = -11 - -8. Determine h(o).
-2
Suppose -25 = -5*w, -w - 9 = -3*b + 2*w. Suppose -5*n = -b*n - 6. Let z(h) = h**3 + 2*h**2 - 2*h - 1. Calculate z(n).
3
Let x(s) = 2 - s + 2 + 2*s. Give x(-3).
1
Suppose -2*z + 0*z + 8 = 0. Suppose -5 = 5*u - 2*k + 14, -11 = u - z*k. Let q(n) be the second derivative of -n**4/12 - n**3/6 + n**2 - n. Calculate q(u).
-4
Suppose -10 = -3*x - 4. Let m(j) = 3 - 2*j - 3 - x + 1. Calculate m(3).
-7
Let x(y) = -3*y**2 + 2*y**2 - 2*y + 0*y + 6*y + 1. Determine x(5).
-4
Let f be ((-6)/(-7))/((-10)/(-35)). Let b(g) be the first derivative of 1/3*g**3 + f + 0*g**2 + g. Calculate b(-2).
5
Let t(p) be the first derivative 